8). Suppose -5*n = 5*q - 585, 0*q - d = -2*q - n. What is the remainder when q is divided by 21?
12
Let c(q) = 3*q**2 + 5*q + 3. Let u be c(-7). Suppose b = -4*b + u. What is the remainder when b is divided by ((-4)/(-12))/((-80)/(-3120))?
10
Let w = -2829 + 2901. What is the remainder when w is divided by 21?
9
Let w = -215 + 312. Let p(d) = -d**3 + 2*d**2 + 2*d - 4. Let z be p(-2). Suppose -3*h = z*h - 110. What is the remainder when w is divided by h?
7
Let s(l) = 23*l - 53. What is the remainder when 783 is divided by s(3)?
15
Suppose 3*j - g = 174, 0 = -5*j - 3*g + 332 - 56. Suppose -978*b + 1008*b + 1948 = 6898. What is the remainder when b is divided by j?
51
Let l(f) = 1 + 10*f - 29*f + 7*f. Let a(c) = -12*c + 77. Calculate the remainder when a(-8) is divided by l(-2).
23
Let x = -116 + 68. Let h be (1 - 194/(-3)) + (-16)/x. Let j = h - 52. Calculate the remainder when j is divided by 2.
0
Let p be (0 + 2)/(2/(-3)). Let g = 800 - 792. Calculate the remainder when 5 + 9/p - -25 is divided by g.
3
Suppose -10*b - 224 = -2*b. Let g(p) = 9*p + 19. Let i be g(-6). Let f = b - i. What is the remainder when f is divided by 4?
3
Let a(k) = k**2 - 27*k - 9. Let x be a(27). Let s = x + 30. Calculate the remainder when 25 is divided by s.
4
Let d be (35/25)/7*55. Let n = -3 + d. Calculate the remainder when 46 is divided by n.
6
What is the remainder when 1914 is divided by -14 - (2 - 102) - -15?
96
Let u(z) = -z**3 - 26*z**2 - 25*z + 91. Let m(v) = -v**3 + 8*v**2 - 4*v + 2. Calculate the remainder when u(-25) is divided by m(7).
22
Suppose 5*x - 15 = 2*x. Let j(n) = -n**2 + 26*n - 107. Let s(p) = 12*p - 100. Let o be s(10). Calculate the remainder when j(o) is divided by x.
3
Suppose 0 = -76*f + 2754 - 778. Calculate the remainder when 2701 is divided by f.
23
Let q(d) = d**2 + 90*d + 446. Let o be q(-5). Suppose -421 - 713 = -o*n. What is the remainder when 1456 is divided by n?
52
Suppose 94*b - 1965 = -555. Calculate the remainder when 267 is divided by b.
12
Calculate the remainder when (-192)/2400 - 57554/(-50) is divided by 55.
51
Suppose -g + 5*k + 106 = 0, 4*g - 466 = -2*k + k. Suppose -b - 90 + g = 0. Let u = -10 - -17. What is the remainder when b is divided by u?
5
Let b be 1/(3/(-18)) + 64. Suppose -18*g = b - 562. What is the remainder when 83 is divided by g?
27
Suppose y - 445 + 461 = x, 8*x - 102 = -5*y. Let l(c) = 2*c**2 - 6*c + 2. What is the remainder when x is divided by l(4)?
4
Let k(n) = -130*n**3 + n**2 + 2*n + 1. Suppose 0 = -10*c - 14*c - 6*c + 2100. What is the remainder when k(-1) is divided by c?
60
Let h(i) = 5*i**2 + 9*i + 7. Let m be h(-6). Let q = m - 94. Calculate the remainder when q is divided by (-10)/(-95) + (-2800)/(-475) - 1.
4
Suppose 3*j - 48 = -4*k, -27 = -3*j + 4*k - k. Calculate the remainder when 599 is divided by j.
11
Let f be 728/(-72) + (-2)/(-18). Calculate the remainder when (-4)/f - (-20079)/115 is divided by 22.
21
Suppose -27*v = -177 + 15. Suppose -2*z + v = -96. What is the remainder when 92 is divided by z?
41
Suppose v - 4*f = 35, 8*f = -2*v + 4*f + 106. Suppose 0 = 2*x - x - 2, -2*p + 4*x = 16. Let u(h) = -45*h + 7. Calculate the remainder when u(p) is divided by v.
46
Suppose -54 - 241 = 5*c - 2*v, 4*c + 239 = v. Let u = 167 + c. Let t(k) = k**3 - 9*k**2 - 21*k + 1. What is the remainder when u is divided by t(11)?
10
Suppose -41 = 4*a - 233. Let s = a + -47. Calculate the remainder when 77 is divided by 1 + 0 + -25*(s - 2).
25
Let t = 40004 + -39831. What is the remainder when t is divided by 103/4 + (-3)/4?
23
Let t = -26 - -35. Suppose 11*y = t*y + 642. Calculate the remainder when y is divided by 65.
61
Let n(k) = k**3 - 10*k**2 + 23*k - 17. What is the remainder when 6705 is divided by n(8)?
36
Let g(n) = -n**2 - 14*n + 8. Suppose -47*t = -45*t + 4. Let o(h) = 3*h**3 + 2*h**2 - 2*h - 2. Let p be o(t). What is the remainder when g(p) is divided by 5?
3
Suppose 12 = -p + 3*p. Calculate the remainder when 67/7 + 608/(-1064) is divided by p.
3
Suppose -3*j - 2*u = -4, 8 = -3*j + 8*j + 4*u. Suppose j = 2*k - 55 - 97. Calculate the remainder when 301 is divided by k.
73
Let c = -97 + 276. Let y(z) = -5*z - 3. Calculate the remainder when c is divided by y(-6).
17
Let d(k) = -7*k + 179. Let a be d(25). Suppose -3*n + 6*n + 78 = 2*w, 3*w + a*n - 83 = 0. What is the remainder when w is divided by 10?
3
Suppose -5*j + 10 + 5 = 0. Let s = 12 - 12. Suppose -15 = -5*l - s*l. What is the remainder when j is divided by l?
0
Let d(a) = -3*a**3 - 8*a + 2 + 8*a**2 + 4*a + 0 + 2. Let v be d(4). Let l = v + 80. Calculate the remainder when 26 is divided by l.
2
Let c = 6711 + -6211. What is the remainder when c is divided by 17?
7
Let o(u) = u + 20. Let n be o(-5). Let g(h) = -h**3 + 16*h**2 - 4*h + 1. Let i = 227 - 193. Calculate the remainder when g(n) is divided by i.
30
Suppose 2*r + 676 = 2*k, 954 = 4*k + r - 373. Calculate the remainder when k is divided by (-3)/8 - (-16709)/248 - 0.
65
Let g(v) = -49*v**2 + 6*v + 8. Let b be g(-2). What is the remainder when (-35 - b)*(-2)/(-3) is divided by 7?
5
Suppose 0 = 2*h + 2*h - 772. Calculate the remainder when h is divided by (-209)/(-11) - -21 - (-21)/(4 + -1).
5
Calculate the remainder when 395 is divided by (0 + (-39)/(-4))*40/(-180)*-36.
5
Let g = 5472 + -5378. What is the remainder when 279 is divided by g?
91
Let n be (-6)/((-18)/6)*-1. Let i(y) = 9*y + 29. Calculate the remainder when 3031/28 + 6/8 is divided by i(n).
10
Let r be -11*2/(-2 + 3). Suppose 77*q = 227 + 81. Calculate the remainder when r/(-6)*15/5 is divided by q.
3
Let p(h) = h**2 + 2*h + 4. Let b be (-3)/(-13 + 10 + 66/20). Calculate the remainder when p(b) is divided by 23.
15
Suppose p = -0*p - 2, -3*l + 19 = 4*p. Suppose -n + l*n - 8 = 0. What is the remainder when 19 + -23 - (-17 + n) is divided by 3?
0
Suppose 4*s - 2*u + 2084 - 2172 = 0, 3*s + 4*u = 33. Suppose p = -160 + 670. Calculate the remainder when p is divided by s.
16
Let a be -294 - -3*20/15. What is the remainder when (9/(-3))/(6/(-436)) is divided by 110/(-4)*(10 - a/(-25))?
42
Suppose 65*q + 29692 = 117*q. What is the remainder when q is divided by 565?
6
Let s(v) = -389*v - 8013. Calculate the remainder when s(-25) is divided by 66.
62
Let r(z) = 4*z**2 - 18*z + 1793. What is the remainder when 5385 is divided by r(0)?
6
Suppose -175 = -5*q - 15*o + 11*o, 0 = -3*q + o + 105. Calculate the remainder when 228 is divided by q.
18
Let n be (0 + -2)*63/18. Let q(k) = -7*k - 10. Let h = -1945 + 2016. What is the remainder when h is divided by q(n)?
32
Suppose 5*t - 3*t - 4 = 0. Suppose -4*o = -8, g - 65 = -t*g - 4*o. Let a(j) = -13*j**2 - 133*j + 5. Calculate the remainder when a(-10) is divided by g.
16
What is the remainder when (-1 + (-1249)/(-3))*(-3 + -3 + 9) is divided by 621?
4
Suppose 4*g + 4*p - 148 = 0, g + 8*p - 45 = 3*p. Calculate the remainder when 140 is divided by g.
0
Let c(v) = 798*v**2 - 2*v. Let b be c(-1). Suppose 2*x = -2, 6*z - 5*x = z + b. Calculate the remainder when z is divided by 18.
15
Suppose 0*a = 36*a - 20700. Let m = 626 - a. What is the remainder when m is divided by 6?
3
Suppose -4*d = -2*z - 28, 5*z + 3*d = -3 - 15. What is the remainder when 45 is divided by 76/114 + -1*92/z?
13
Suppose 9*t = 993 - 48. Suppose -612 = -t*h + 99*h. What is the remainder when h is divided by 30?
12
Suppose -4846 = -40*s + 594. What is the remainder when 358 is divided by s?
86
What is the remainder when (-6)/36 + (-1490882)/(-84) - 568/(-994) is divided by 183?
181
Let q be (-93)/155 + 66/10. Suppose q*h + 378 = 540. Calculate the remainder when 146 is divided by h.
11
Let r(k) = -2*k**2 + 22*k - 9. Suppose -2*o + 5*j = -310, -j - 316 = -2*o + j. Calculate the remainder when o is divided by r(9).
25
Let t = -37 - -48. Let i be 760/32*(t + 1). Suppose 3*c - 3*a = -6*a + i, 3*a + 467 = 5*c. What is the remainder when c is divided by 25?
19
Suppose t = -3*t + 16. Suppose o - 2*o = t. Let x(a) = -5*a - 3. What is the remainder when x(o) is divided by 15?
2
Suppose s = -3*p + 4*s + 186, -4*p + 254 = 2*s. What is the remainder when p is divided by ((-12)/(-10))/(546/14560) + 12?
19
Let w = 63 + -32. Let r(k) = 15*k + 17. Let c be r(-1). Suppose c*j = -4*h - 19 + 625, 3*j - 755 = -5*h. What is the rema